15*k + 4*k**2 - 16*k - k**c. Calculate m(2).
10
Let y(f) = -2*f - 6. Suppose -6*q + 4*q = 4*o + 26, -o - 2*q - 8 = 0. What is y(o)?
6
Let s be (8/10)/(2/10). Let n(u) = -2 + u**3 - 41*u**2 - 35*u**2 + 73*u**2 - 5*u. Give n(s).
-6
Let o(b) be the third derivative of -7*b**4/24 - b**2 + 1. Determine o(-1).
7
Let f(d) = -d**3 - 5 + 2*d**2 + 0*d + 5*d + d**2 - d**2. Determine f(4).
-17
Let t(u) = 4*u + 5. Let d(f) = -2*f + 9 + 8*f - f - 3. Suppose -4 = -3*n + 2. Let i(z) = n*d(z) - 3*t(z). Determine i(-4).
5
Let u(w) be the second derivative of -w**4/3 + w**3/6 - w**2/2 - 4*w. Calculate u(1).
-4
Let m(i) = 4*i**2 + 7*i - 5. Let a(k) = k**2 + k. Suppose 4*s = -6 + 2. Let j = -5 + 8. Let q(w) = j*a(w) + s*m(w). Calculate q(-5).
0
Let x(t) = -t**2 - 5*t - 2. Let d be (6 - -2)*1/2. Let b = 1 - d. Give x(b).
4
Let b(u) be the first derivative of -u**4/4 + u**3 + 7*u**2/2 - 6*u - 20. What is b(4)?
6
Suppose 19*u = 27*u + 8. Let f(b) = 9*b**3 - b**2. Determine f(u).
-10
Let o(k) = 19 - 22 - k + 2*k**2 - 2*k. Determine o(4).
17
Let c(j) = 5*j + 2. Let m(o) = 5*o + 2. Let x(y) = 4*c(y) - 3*m(y). Calculate x(-3).
-13
Let b(w) = -18 + 6*w + 31 - 17. Give b(3).
14
Let j(p) be the first derivative of p**4/4 - 8*p**3/3 - 7*p**2/2 - 13*p - 12. Calculate j(9).
5
Let h(r) be the second derivative of 0 - 5/2*r**2 - r - 5/6*r**3 - 1/12*r**4. Determine h(-5).
-5
Let s(k) = k**3 + k**2 + k - 1. Let p(j) be the first derivative of -5*j**4/4 - 3*j**2/2 + 4*j - 2. Let v(o) = -p(o) - 6*s(o). Determine v(-5).
-8
Suppose -12*c = -0*c + 36. Let v(a) = -3*a - 4. Give v(c).
5
Let r(z) be the third derivative of 7*z**4/24 + z**3/2 + 6*z**2. What is r(-2)?
-11
Let b(o) = o**2 - o + 2. Let g be (4/(-6))/(5/30). Let v = 7 + g. Suppose n + 6 = v*n. What is b(n)?
8
Let n(p) = 2*p - 2*p**2 + 4*p**2 - 2 - 3 - p**2. Let z be n(-4). Let h(t) = 3*t + 2*t - 4 - 3*t. Calculate h(z).
2
Suppose -j - 10 = -4*u, -2*u = 2*u - 20. Let x(o) = 3*o - 12. Calculate x(j).
18
Let h(n) = n**2 - 6*n - 3. Let z(r) = -7*r**3 - 2*r**2 - 2*r - 1. Let t(d) = d - 9. Let y be t(8). Let l be z(y). Give h(l).
-3
Let k(w) = -4*w**2 - 2*w + 1. Let o be k(1). Suppose -5*v - 4 = -14. Let s(l) = 23*l**v + l**3 - 39*l**2 - 7 + 3*l + 22*l**2. Give s(o).
3
Let m(t) = -t**3 + t**2 + t - 3. Suppose -4*b - b = 0. Let w(n) = n - 4. Let o be w(b). Let p be 3/(-2) - 6/o. Determine m(p).
-3
Let y(m) be the second derivative of 5*m**3/3 - 3*m**2/2 - 10*m. What is y(2)?
17
Let p(j) = -2*j. Suppose -12 = 3*y - 7*y. Let l be (-12)/3 + -2 + y. Give p(l).
6
Let w(m) = -2*m**2 - 7*m + 4. Let j(v) = -3*v + 2. Let p be j(1). Let g(n) = -n**2 - n - 1. Let b(i) = p*g(i) + w(i). Determine b(-6).
5
Suppose 0 = -5*a - 7 - 3, 8 = b - 2*a. Let c(g) = -2*g + b*g - g - 5*g. Give c(1).
-4
Suppose 4*c + c - 15 = 0. Let p(k) = -2*k**2 + 17*k + 5. Let h(j) = j**2 - 8*j - 2. Let b(i) = -7*h(i) - 3*p(i). What is b(c)?
5
Let w(z) = z + 6*z - 3*z**2 - 2*z**2 + 3 - 2*z - z**3. Let o(b) = -2*b**3 - 10*b**2 + 9*b + 6. Let h(n) = -2*o(n) + 5*w(n). What is h(-6)?
-3
Let b(z) be the third derivative of z**6/20 + z**5/30 - z**3/6 + 8*z**2. Determine b(1).
7
Suppose 6*q = -553 + 121. Let v be (-16)/q + 112/(-18). Let s(h) = h + 1. Calculate s(v).
-5
Let o(b) = b**2 - 7*b - 7. Suppose 3*n = -n + 24. Calculate o(n).
-13
Let i(f) be the third derivative of -f**6/60 + f**5/20 - f**4/24 + f**3/3 - 9*f**2. Give i(3).
-28
Suppose 0 = -q + 3*p - 0*p + 11, -2*q + 16 = -4*p. Let w(s) = -5*s**3 - 2*s + 1 - s**q + 5*s**3 + 4*s**3 + 3*s**2. Let t = 1 + 0. Give w(t).
5
Let p(u) = -3*u + 3. Suppose 0 = -3*n + 5*n. Suppose n = 5*f - 3*y - y - 10, 3*f - 3 = 3*y. Let l(h) = h - 1. Let s(o) = f*l(o) + 3*p(o). Determine s(3).
-6
Let u(g) = -g**2 + 7*g - 5. Let n be (3 - (1 - -1))*5. Suppose -n*d = -2*o + 35, 2*o = -o - d + 10. Calculate u(o).
5
Suppose -5*f = 5 - 25. Let o(g) = 2*g - 3. Let s(k) = -4*k + 7. Let q(p) = f*s(p) + 9*o(p). What is q(2)?
5
Suppose -4 - 6 = -5*f. Let a(z) = -z - 3 + 0*z + f*z. Suppose 2*k + 4 = 4*k. Give a(k).
-1
Let i(m) = m**3 - 3*m**2 - 5*m - 3. Let w be i(4). Let u(z) = 8 + 7*z**2 - z**3 - z + 2*z**3 + 2*z. Let q be u(w). Let k(a) = -a**2 + 2*a - 1. Calculate k(q).
0
Let r(g) = g**2 + 4*g - 7. Let i be -5 - 2/4*-4. Let f be (i/(-4))/((-2)/16). Give r(f).
5
Let h(k) = -5*k**2 + 34*k - 4. Let f(m) = m**2 - 7*m + 1. Let n(q) = 11*f(q) + 2*h(q). Give n(7).
-11
Let p(l) = l**2 + 6*l + 1. Suppose 2*m + 24 = -2*m. Determine p(m).
1
Let x(s) = 2*s**2 - 6*s - 4. Suppose -2*v = 2*n - 20, 0*n + 4*n + 5 = 5*v. What is x(v)?
16
Let f(i) be the first derivative of i**4/4 + 2*i**3 + 3*i**2/2 + 9*i + 4. Determine f(-6).
-9
Let t(l) = 1. Let b(m) = -m**2 + 6*m - 2. Let s(x) = -b(x) - 3*t(x). Give s(5).
-6
Let a(b) be the first derivative of b**4/4 - 7*b**3/3 + 7*b**2/2 + 3*b + 41. Determine a(6).
9
Let j(d) be the third derivative of 0*d**3 + 1/24*d**4 + 0 + 0*d + 6*d**2. Determine j(0).
0
Suppose 3*c + 2*b + 7 = 0, c - 13 = 3*c + 3*b. Let f(t) = -7*t**3. Calculate f(c).
-7
Let j(v) = 12*v - 66. Let t(q) = 16*q - 14. Let c(k) = -3*k + 3. Let n(p) = 11*c(p) + 2*t(p). Let u(i) = -2*j(i) - 27*n(i). Determine u(4).
9
Let w(z) = z**2 + z + 10. Let c be w(0). Let p = -6 + c. Let y(d) = d**3 - 3*d**2 - 2*d - 5. What is y(p)?
3
Let g(v) = -v**3 + 2*v**2 - 2*v. Let u(k) = -k**3 - 5*k**2 + 7*k + 2. Let r be u(-6). Let l = 1 - r. Suppose -5*h + 5 + l = 0. What is g(h)?
-4
Suppose x + 16 = 12. Let p(u) = -u**2 - 6*u - 4. Determine p(x).
4
Let q(n) be the second derivative of n**3/2 + 2*n**2 - n + 76. Suppose -6 - 6 = 4*y. What is q(y)?
-5
Suppose -2*q - 2*i + 5 = 3, 3*q - i = 19. Suppose 0 = 3*u - 15, -2*s = -3*s - q*u + 23. Let k(h) = 3*h**3 + 3*h**2 - h - 2. Give k(s).
-12
Let w be 1/(2/6) + -1. Let y be (-2 + w)*(-3)/3. Let d(q) = q**2 + q - 10. Give d(y).
-10
Let z(q) = -q**2 + 2*q + 1. Suppose 0 = -3*j - 4*m - 2, 4*m + 5 - 15 = 3*j. Calculate z(j).
-7
Suppose -2*y + 2*b - 2 = 0, -3*b + 6 = y - 5. Suppose -p = -4, 15 = 3*m + 3*p - 3. Let n(c) = 2*c**2 + c**3 - 5*c - 3 + 9*c**m - 7*c**y. Give n(-5).
-3
Let v(q) = -5*q + 4. Let g = -44 + 48. Calculate v(g).
-16
Let g(d) = -13*d**3 + 4*d**2 - 9*d + 20. Let t(r) = -3*r**3 + r**2 - 2*r + 5. Let p(h) = -2*g(h) + 9*t(h). Suppose 2*v = -0*v. Calculate p(v).
5
Let t(h) = -4*h**2 - 2*h + 2. Let f(y) = -y + 10. Let z be f(5). Suppose -4*l = -0*l + 4*i, 4*l - z*i + 18 = 0. Give t(l).
-10
Let n(q) = 4*q - 3*q + 3 + 3 - 5. Give n(6).
7
Let g(a) = a**2 + 5*a. Let v be g(-4). Suppose -6*n + n - 50 = 0. Let b = n - v. Let c(t) = -t - 9. What is c(b)?
-3
Let z = -7 - 6. Let a = z + 8. Let g(m) = 4*m + 19. Let h(y) = 2*y + 9. Let d(c) = a*h(c) + 2*g(c). What is d(-5)?
3
Let m(y) = -y - 4. Let i(t) = 1. Let p(h) = 3*i(h) + m(h). Let a(o) = -o**2 + o + 1. Let g be a(1). Suppose g = -j + 4. Calculate p(j).
-4
Let q be ((-4)/(-10))/(3/(-30)). Let v(o) = -o**3 - 4*o**2 - o - 5. Calculate v(q).
-1
Let m(v) = -37 - 6*v + 11*v**3 + 6*v + 38. Calculate m(1).
12
Let g = -2 - -2. Let l(s) = s**2 + 10. Give l(g).
10
Let k(m) = 3*m**2 - 3*m + 11. Let l(w) = -w**2 + w - 1. Let y(u) = -k(u) - 4*l(u). Calculate y(5).
13
Let c(n) = n - 8. Let w(s) be the second derivative of -s + 7/2*s**2 + 0 - 1/6*s**3. Let h(k) = -3*c(k) - 2*w(k). Determine h(5).
5
Let s(i) = -6*i - 3. Suppose -5*g - 50 = r, -g + 2*r - 14 = 7. Let t(m) = -2*m - 1. Let p(k) = g*t(k) + 4*s(k). Let u = 1 - -1. Give p(u).
-5
Let t = -4 - -1. Let d(v) = v**3 - 7*v**2 + v - 3. Let u(g) = -g**3 + 8*g**2 - g + 2. Let n(l) = t*d(l) - 2*u(l). Determine n(5).
0
Let a(b) be the third derivative of 1/60*b**5 + 0 + 2*b**2 + 5/3*b**3 + 0*b - 1/24*b**4. Calculate a(0).
10
Let w(o) = 5*o + 1. Suppose -4*t - 8 = 0, -4*t = -4*g + t + 22. Suppose 0 = -3*p - 0*p - r + g, p - 11 = 3*r. Calculate w(p).
11
Suppose 0*j - 14 = -2*j. Let w(p) = -p + 5. Determine w(j).
-2
Let v(f) be the first derivative of -f**6/360 + f**5/30 - f**4/6 + f**3/3 - 3. Let z(m) be the third derivative of v(m). Give z(3).
-1
Let t(w) = -w**2 - 4*w - 4. Suppose -8*v + 4*v + 24 = 0. Suppose 0 = v*y - y - 5. Let p be -2 - (1 + y + 0). Give t(p).
-4
Suppose 0 = -4*l + 12, 0 = -g + 2*g - 4*l + 8. Let r(u) = -2*u**2 + 5*u - 1. What is r(g)?
-13
Suppose f - 4*a + 4 - 1 = 0, -31 = 4*f + 3*a. Let b(m) = -m**3 - 6*m**2 + 9*m + 9. Determine b(f